) to base 12
-3506
Convert 8e52 (base 16) to base 14.
d3c6
-2786 (base 9) to base 3
-2212220
-1362 (base 10) to base 16
-552
35177 (base 8) to base 10
14975
6118 (base 9) to base 7
16016
What is -1121 (base 3) in base 4?
-223
Convert -1164 (base 7) to base 4.
-12312
What is -222340 (base 5) in base 8?
-17245
What is 1214 (base 9) in base 13?
547
Convert -143556 (base 7) to base 3.
-1102000220
Convert 1010110111 (base 2) to base 11.
582
What is -29a (base 13) in base 11?
-393
Convert 302003 (base 4) to base 10.
3203
Convert 1001111111100 (base 2) to base 3.
21000111
What is 1300130 (base 4) in base 10?
7196
Convert 2b (base 15) to base 6.
105
Convert 40331 (base 6) to base 7.
21325
633 (base 12) to base 3
1020110
Convert -220001 (base 4) to base 7.
-10316
Convert 2ddc (base 14) to base 8.
20046
-3731 (base 8) to base 5
-31014
Convert -52cd (base 15) to base 9.
-26024
Convert 2c72 (base 14) to base 8.
17404
What is 110001221 (base 3) in base 9?
13057
70 (base 13) to base 8
133
Convert 400431 (base 5) to base 12.
7374
132 (base 11) to base 4
2130
Convert -2155 (base 10) to base 14.
-add
What is 142 (base 6) in base 4?
332
What is 31545 (base 6) in base 7?
15401
Convert 1379c (base 13) to base 15.
ac0e
-264 (base 13) to base 4
-12210
Convert -1131 (base 5) to base 8.
-246
10011101101 (base 2) to base 3
1201201
Convert -15302 (base 7) to base 9.
-5758
-1100100111100 (base 2) to base 16
-193c
-ab6 (base 12) to base 5
-22303
Convert -15471 (base 8) to base 6.
-52133
What is -237a6 (base 14) in base 6?
-1504502
-10001011111100 (base 2) to base 8
-21374
12110021 (base 3) to base 15
12a1
Convert -130132 (base 4) to base 14.
-942
What is 39149 (base 10) in base 15?
b8ee
338 (base 16) to base 7
2255
5436 (base 9) to base 10
4002
-1000 (base 8) to base 7
-1331
22201 (base 3) to base 4
3223
Convert 24a (base 14) to base 8.
712
Convert 1110021111 (base 3) to base 14.
a613
-1a29 (base 16) to base 13
-3082
Convert -2088 (base 14) to base 10.
-5608
What is 123615 (base 7) in base 8?
54640
Convert 3330 (base 12) to base 5.
140102
What is -248 (base 16) in base 4?
-21020
Convert 11110110 (base 2) to base 6.
1050
-1765 (base 11) to base 16
-8c9
-1002000122 (base 3) to base 13
-9827
1b0a3 (base 13) to base 5
3142421
33223 (base 6) to base 5
121443
What is -10000000111011 (base 2) in base 14?
-3015
11112001 (base 3) to base 7
12415
Convert -713 (base 10) to base 11.
-599
Convert 11010001 (base 2) to base 6.
545
What is 10643 (base 10) in base 6?
121135
233 (base 10) to base 13
14c
567 (base 8) to base 15
1a0
Convert 4312 (base 16) to base 5.
1022140
Convert 11100101000111 (base 2) to base 9.
22102
103003 (base 4) to base 11
a09
33122 (base 5) to base 6
14331
10479 (base 10) to base 13
4a01
What is 1003200 (base 5) in base 16?
3eb2
What is -55b0 (base 12) in base 2?
-10010100010100
What is -33 (base 8) in base 6?
-43
What is 8516 (base 10) in base 9?
12612
Convert -640 (base 14) to base 5.
-14412
1222101 (base 3) to base 9
1871
What is 1121211112 (base 3) in base 16?
7cd3
Convert 22d3 (base 16) to base 2.
10001011010011
What is 1f24 (base 16) in base 14?
2c96
Convert 110110 (base 3) to base 2.
101010000
What is -3184 (base 10) in base 5?
-100214
What is -2120122002 (base 3) in base 14?
-146dc
What is 1403 (base 9) in base 4?
100200
What is 411342 (base 5) in base 8?
32043
Convert -240330 (base 7) to base 8.
-124572
What is 6b5f (base 16) in base 6?
331131
What is -1586 (base 14) in base 12?
-2282
-1367 (base 11) to base 5
-24032
Convert -17469 (base 13) to base 12.
-21a53
-4557 (base 10) to base 16
-11cd
Convert f3 (base 16) to base 9.
300
Convert 130340 (base 8) to base 2.
1011000011100000
What is -2425 (base 6) in base 2?
-1001010001
What is -48e7 (base 15) in base 2?
-11110010011101
-1011011000 (base 2) to base 16
-2d8
Convert -1200022 (base 3) to base 16.
-4c7
-1010 (base 4) to base 5
-233
What is de (base 15) in base 8?
321
Convert -25df (base 16) to base 15.
-2d15
Convert -510 (base 7) to base 2.
-11111100
Convert -101001100001110 (base 2) to base 14.
-7a6a
e079 (base 16) to base 15
12060
Convert -313113 (base 4) to base 6.
-24223
Convert 11023130 (base 4) to base 11.
14a34
Convert ba8c (base 14) to base 11.
22275
Convert -80b (base 13) to base 8.
-2523
-1d3a (base 14) to base 6
-40424
Convert -3640 (base 9) to base 16.
-a95
What is -2345 (base 7) in base 13?
-518
Convert -132134 (base 5) to base 4.
-1102232
Convert -221210100 (base 3) to base 4.
-10211301
Convert aa34 (base 14) to base 13.
10531
What is 5943 (base 14) in base 5?
444133
What is 161 (base 12) in base 2?
11011001
d0 (base 14) to base 3
20202
What is 22054 (base 7) in base 6?
41331
14585 (base 12) to base 13
cc5c
521 (base 12) to base 14
3b3
1223 (base 4) to base 16
6b
Convert -5550 (base 9) to base 5.
-112340
-32301 (base 11) to base 4
-23131211
-17174 (base 8) to base 15
-24a4
What is -11200002 (base 3) in base 2?
-110101001100
Convert -102224 (base 6) to base 15.
-26d1
Convert a03 (base 15) to base 12.
1379
What is -616 (base 8) in base 5?
-3043
-10431 (base 10) to base 9
-15270
What is -438 (base 9) in base 12?
-25b
-523 (base 14) to base 15
-476
-10031320 (base 4) to base 15
-51b7
Convert -101120112 (base 3) to base 10.
-7709
What is 155b (base 12) in base 6?
15355
3223003 (base 4) to base 9
22564
Convert 1106 (base 8) to base 16.
246
Convert -358 (base 9) to base 8.
-450
What is 243 (base 8) in base 6?
431
Convert 9a5 (base 12) to base 7.
4100
-29932 (base 10) to base 2
-111010011101100
What is -630 (base 8) in base 9?
-503
-c9 (base 13) to base 12
-119
What is 1a4b0 (base 12) in base 4?
21131010
Convert 10787 (base 11) to base 3.
210101011
1011000111011 (base 2) to base 11
4304
Convert 3454 (base 6) to base 16.
33a
Convert 2110212 (base 3) to base 15.
805
201022 (base 3) to base 9
638
ca (base 13) to base 11
141
62a1 (base 11) to base 7
33212
What is -223 (base 7) in base 5?
-430
What is -12102 (base 4) in base 12?
-296
-216 (base 10) to base 16
-d8
What is -1000111001 (base 2) in base 9?
-702
What is 571 (base 15) in base 5?
14411
What is 9081 (base 13) in base 3?
1000021020
Convert -110001202 (base 3) to base 15.
-2915
Convert -654 (base 11) to base 16.
-311
What is -2330 (base 10) in base 7?
-6536
What is -2140 (base 8) in base 3?
-1112111
-4031 (base 6) to base 2
-1101110011
What is -2212123 (base 4) in base 5?
-320101
Convert -54031 (base 6) to base 4.
-1303003
Convert -1085 (base 10) to base 12.
-765
Convert 3121 (base 4) to base 8.
331
Convert -10403 (base 8) to base 11.
-32aa
What is -114e5 (base 15) in base 3?
-2210121022
What is 1562 (base 7) in base 3?
212102
What is 123202 (base 4) in base 6?
12054
Convert -3768 (base 15) to base 4.
-2320112
Convert e308 (base 15) to base 8.
135475
Convert 111 (base 4) to base 8.
25
873 (base 11) to base 14
54c
Convert -9750 (base 11) to base 12.
-7555
Convert 2210 (base 4) to base 2.
10100100
Convert -10010011110100 (base 2) to base 3.
-110222101
What is -561 (base 11) in base 2?
-1010100000
What is -17b8 (base 12) in base 2?
-101100111100
Convert -336 (base 14) to base 10.
-636
125221 (base 8) to base 7
241206
-356 (base 8) to base 2
-11101110
27036 (base 8) to base 3
121012021
Convert 6b2c (base 14) to base 13.
8655
103254 (base 6) to base 12
4b2a
-1452 (base 7) to base 6
-2400
What is 282 (base 11) in base 12?
238
What is 1737 (base 10) in base 15?
7ac
What is 5a2 (base 11) in base 5?
10332
Convert 893 (base 12) to base 5.
20023
Convert -309 (base 12) to base 11.
-371
31013122 (base 4) to base 15
10db7
What is 6b (base 14) in base 5?
340
10851 (base 9) to base 6
53331
Convert -664 (base 11) to base 16.
-31c
What is 672 (base 12) in base 11?
794
-308 (base 9) to base 16
-fb
What is 346 (base 13) in base 10?
565
Convert -502 (base 11) to base 6.
-2451
Convert -11011201 (base 3) to base 4.
-233203
Convert -4966 (base 10) to base 8.
-11546
Convert 1d24 (base 15) to base 7.
24316
Convert 21420 (base 5) to base 14.
781
What is -240013 (base 5) in base 10?
-8758
49 (base 10) to base 5
144
123143 (base 5) to base 2
1001010111110
What is -6016 (base 8) in base 5?
-44321
Convert 217 (base 15) to base 7.
1243
What is 10000000100 (base 2) in base 14?
536
Convert -903a (base 11) to base 6.
-131354
Convert 4732 (base 8) to base 4.
213122
What is -307